o**4/12 - o**3/6 - o. Calculate w(y).
0
Suppose 5*j = -39 + 9. Let s(y) = y**2 + y. Let r(x) = -x - 1. Let u be (7/(-21))/(2/6). Let a(q) = u*s(q) + 6*r(q). Determine a(j).
0
Let s(o) = 2 - 6*o - 2 + 0 - o**2 - 5. Determine s(-5).
0
Let t(q) = q - 2. Let v be 1*7 - (4 + -1). Suppose -5*f + v = -j, -4*j = -f - 3 - 19. Give t(j).
4
Suppose 4 = -m - 0. Let c(o) = -6*o**3 - 4*o - 5. Let n(a) = 5*a**3 + a**2 + 4*a + 5. Let f(w) = 4*c(w) + 5*n(w). Give f(m).
5
Let s(z) be the second derivative of -z**3/3 - z**2 + 23*z. Calculate s(-6).
10
Let k(p) = 2*p**2 - 2*p - 4. Let q be k(0). Let x(n) = n**2 + 8*n + 4. Calculate x(q).
-12
Let u(c) = 4*c**3 + 7*c**2 + 4*c + 6. Suppose 0*i + i - 3 = 0. Let a(d) = -d**3 + d + 1. Let o(q) = i*a(q) + u(q). Suppose -3*m - 14 = 4. What is o(m)?
3
Suppose p - 4 + 1 = 3*u, 5*u = -5. Let c(o) be the second derivative of p - 1/12*o**4 + 3*o + o**2 + 2/3*o**3. What is c(5)?
-3
Suppose -5*d + 3*d - u + 1 = 0, -4*d = 5*u + 13. Let i(z) be the third derivative of 0 + 1/2*z**3 - 1/8*z**4 + d*z**2 + 0*z. Determine i(3).
-6
Let d = 11 + -8. Let c(q) be the third derivative of -q**6/120 + q**5/15 - q**4/12 + q**3/2 + 13*q**2. Determine c(d).
6
Let u(y) be the third derivative of y**6/120 + y**5/30 + y**4/24 + y**3/3 + y**2. Suppose 0 = 28*g + 70 - 14. Give u(g).
0
Let l(g) be the second derivative of g**5/20 - 5*g**4/6 - g**3/3 + 7*g**2 - 15*g. Calculate l(10).
-6
Let o = -8 + 24. Suppose 3*m + o = -2*r - 0*m, 3*r - 2*m = -11. Let z(b) be the first derivative of -b**2/2 - 2*b - 1. Calculate z(r).
3
Let h(l) = l**2 + 11*l + 8. Let o = -97 - -87. Give h(o).
-2
Let u(k) = -2*k - 1. Suppose -5*o + o = -4*z + 8, -4*z = o + 27. Let g be (-4 - o)/(6/4). Calculate u(g).
-5
Let u(v) = -v + 8. Let o be u(9). Let j be 1 + (3 + o - 0). Let y(c) be the third derivative of -c**6/120 + c**5/12 - c**4/8 - c**2. Give y(j).
9
Let y(s) = s**2 - 6*s + 5. Suppose 0 = -4*p + 4, 2*p + 6 + 12 = 5*h. Give y(h).
-3
Let y(h) = -h + 7. Let n be 21/(-2)*2/(-3). Give y(n).
0
Let q(v) be the third derivative of -5*v**4/24 - 2*v**3/3 - 4*v**2. Calculate q(-3).
11
Suppose 0 = 5*t - 2*t - 6. Let p be t/(-1)*(-1)/2. Let y(n) = 1 + n + p - 2*n. Give y(3).
-1
Let f(h) = -3*h + 1. Let a = -163 - -159. What is f(a)?
13
Let g(h) be the second derivative of -h**3/3 + 7*h**2/2 + 13*h. Calculate g(5).
-3
Let t(s) = s**3 - 6*s**2 - 8*s. Let n be t(7). Let x(h) = 2*h**2 + 11*h + 6. Determine x(n).
27
Let u(p) be the second derivative of -p**7/840 - p**6/60 - p**5/24 - p**4/12 + p**3/2 - 2*p. Let d(l) be the second derivative of u(l). Determine d(-5).
-2
Suppose 7*j = j + 6. Let s(w) = -12*w**3 + w**2 - 1. Give s(j).
-12
Let d(r) = -r + 8*r - 49 + 44 - r**2. What is d(6)?
1
Let a(h) = -14*h**2 - 4*h - 1. Let t(p) = p**2 + p. Let j(v) = -a(v) - 6*t(v). Let s = -9 + 10. Let b be s + (1 - 1)/1. What is j(b)?
7
Let l(o) = o**2 + 7*o + o + 0*o + 7. Calculate l(-6).
-5
Let f(p) = -3*p**2 + 2. Let z be f(-2). Let q be (5/z)/(2/12). Let c(h) = -h**3 - 3*h**2 + 5*h + 2. Calculate c(q).
-13
Let n(h) = -h**3 - 7*h**2 - 4*h - 5. Let u = 112 + -118. What is n(u)?
-17
Let x = -45 + 52. Let p(y) = y**2 - 7*y + 7. Calculate p(x).
7
Let k = -122 - -119. Let p(w) be the first derivative of -w**4/4 - w**3 - w**2/2 + 3*w + 1. What is p(k)?
6
Let h(t) = t**2 - 5*t - 7. Let s be (8 + (-5)/5)*1. Give h(s).
7
Let l = 4 + -2. Let s be -1*l/(-2)*0. Let k(w) = -w**3 - w + 2. Give k(s).
2
Let o(y) = -1 + 10 - 2 + 7 - y. Let w be o(12). Let b(q) = 1. Let p(z) = z**2 - 3*z. Let u(m) = -3*b(m) - p(m). Calculate u(w).
-1
Let s(w) = 4*w - 2. Let m be (20/(-30))/(2/(-12)). What is s(m)?
14
Suppose -p = 3*k + 17, 2 = -3*p + 2*p. Let o(d) = d**2 + 5*d - 4. Calculate o(k).
-4
Suppose 4 + 0 = 2*h. Let b(v) = 0*v - 3*v**h + 5*v - 4*v - 1. What is b(1)?
-3
Suppose -16*j - 66 = -27*j. Let t(m) be the first derivative of -m**3/3 + 4*m**2 - 7*m + 2. Give t(j).
5
Let c(w) = -2*w**2 + 5*w - 2. Let h be 44/20 - (-2)/(-10). Suppose 0*y - f = -4*y + 10, h = -3*y - 4*f. Suppose -d - y*d = -9. What is c(d)?
-5
Let v(x) = 16*x**2 + 2*x - 1. Let n(h) = 6*h + 43. Let m be n(-7). Calculate v(m).
17
Let j(k) = -k**3 - 4*k**2 + 6*k - 2. Suppose s - 3*m = -5, -3*m + 5*m + 15 = -3*s. Give j(s).
-7
Let j(r) = 2*r - 2. Let t(m) = m - 1. Let s be t(5). Let b(z) = -14*z**2 + 2 + 15*z**2 + 0 - 4 - 3*z. Let c be b(s). Give j(c).
2
Let k(w) = -w**2 - 20*w + 29. Let z be k(-21). Let q(j) = -2*j + 1. What is q(z)?
-15
Let w(b) = 7*b + 1. Let o(p) = -p. Let s(m) = -6*o(m) - w(m). What is s(-4)?
3
Let p(z) = -z**3 - 5*z**2 - 5. Let u be 1/(-3) - 42/9. Let n = -10 - u. What is p(n)?
-5
Let v = -8 - -5. Let o(z) be the first derivative of 4 + 2/3*z**3 + 3/2*z**2 - 4*z. What is o(v)?
5
Let a(f) = 4*f**2 - f + 2. Let c(p) = -5*p**2 + p - 3. Let g(u) = -3*a(u) - 2*c(u). Suppose -d + 5*d - 8 = 0. Calculate g(d).
-6
Let s(n) be the second derivative of -n**5/4 - n**3/3 - n**2/2 + 3*n. Give s(-1).
6
Let d(t) = -t**2 + 2*t + 1. Let c be 1*-2 + (-1 - -3). Suppose -x + c = -3. Give d(x).
-2
Let h(a) = 3*a - 3. Let w be (9/15)/((-2)/10). Calculate h(w).
-12
Let i(c) = -4*c - 3. Let q = 8 - 12. Let p be (q - (-10 + 3))*-1. What is i(p)?
9
Let j(c) = 6*c**2 + 2*c + 2. Suppose -5*x + 26 = -n - 2*n, 4*x - 20 = 2*n. What is j(n)?
22
Let n(a) = -a**2 + 7*a + 9. Suppose -3*y = y - 32. What is n(y)?
1
Let z(k) = 6*k + 1. Suppose 0 = 3*d - 4*p + 27, -5*d - 2*p - 21 = -2. Let q = d + 3. Determine z(q).
-11
Let p(q) = 7*q**2 + 7. Let v(l) = 3*l**2 + 3. Let f(k) = -2*p(k) + 5*v(k). Calculate f(0).
1
Suppose -f = -2*f - 12. Let n = f - -15. Let g(i) = 2*i + 1. Determine g(n).
7
Let w = 3 + 0. Suppose 19 = w*r + 4*a, 3*a - 5*a = r - 7. Let o(d) be the second derivative of -d**4/12 + 4*d**3/3 - 5*d**2/2 + 5*d. Calculate o(r).
10
Let w(i) = -3*i**2 + 2 + i**3 + i**2 - i**2 + 6*i - 3*i. Determine w(3).
11
Let d(c) = c**2 - 5*c - 3. Suppose -3*i = -6*i. Suppose -o - 4*a - 15 = i, -a - 1 = 4. Give d(o).
-3
Let d(p) be the first derivative of -p**3/2 - p**2/2 - 3*p + 3. Let o(u) be the first derivative of d(u). Give o(-2).
5
Let s(f) = -f**2 - 3*f + 3. Let q be s(-4). Let x(t) = t**2 + t + 1. Let y(m) be the second derivative of 7*m**4/12 + 6*m. Let u(g) = q*x(g) + y(g). Give u(-1).
6
Let a = 2 + -9. Let y(b) = -2*b - 7. Determine y(a).
7
Let r(l) = -3*l**2 - 14*l - 37. Let c(b) = -2*b**2 - 9*b - 25. Let f(o) = -7*c(o) + 5*r(o). Determine f(-8).
-18
Let o(z) be the first derivative of z - 7 - 1/2*z**2. Give o(-3).
4
Let b(u) = u**2 - 7*u + 9. Let o be b(6). Let n(j) = 3*j - j + 0 - 2. Determine n(o).
4
Let f = 10 - 7. Let d(t) = -3 + 3*t + 4 - 3*t**2 + 5 - 3 - t**f. What is d(-3)?
-6
Let w be 4/18 - (-2)/(-9). Suppose -4*i + w*i + 24 = 0. Let d(o) = -2 + 3*o + 0*o + o**2 - i*o. Give d(-2).
8
Let q(u) = -u**3 - 4*u**2 - 4. Let a be 6 + (0 - 1 - -2). Let j = -11 + a. Give q(j).
-4
Let r = -2/1269 - -503/50760. Let v(o) be the third derivative of 1/6*o**3 + 1/15*o**5 - 1/8*o**4 - 3*o**2 + 0*o - r*o**6 + 0. What is v(2)?
3
Let a(t) = t - 4. Let h be a(6). Suppose u = -h*u. Suppose u = -5*x + 3*x + 8. Let r(q) = q**3 - 5*q**2 + 4*q + 1. Determine r(x).
1
Let m be 0 - (-3)/((-3)/(-8)). Let o(z) = -m + 5 + 6 - z + z**2. Give o(-3).
15
Let k(o) = o**3 + 6*o**2 + 3*o + 1. Suppose -3*i - i = 0. Suppose -r + i + 4 = 0. Suppose -r*j + 1 = 9. Give k(j).
11
Suppose 39 = 4*v + 7. Let n = 6 - v. Let j(p) = -5*p**3 + p**2 - 4*p + 2. Let r(h) = -h**3 - h + 1. Let k(y) = j(y) - 4*r(y). Calculate k(n).
10
Let j(p) be the second derivative of -p**4/12 + 7*p**3/6 - p**2 + 7*p. What is j(5)?
8
Let w(u) = -5 + 1 + 3*u + 2*u. Let p(j) be the second derivative of -j**3 + 2*j**2 + 2*j. Let h(q) = 6*p(q) + 7*w(q). Give h(3).
-7
Suppose 0 = -3*l + 2*c - 38, -6 = -l + 3*c - 28. Let r = l + 12. Let m(b) = -4*b**2 + b + 2. Determine m(r).
-12
Let z(u) = u**2 - 8*u + 10. Let a = 70 - 63. Give z(a).
3
Let u(c) = c**3 + 8*c + 0*c**2 - 14*c + 1 - 7 - 5*c**2. Determine u(6).
-6
Let q = 9 - 7. Let h(o) be the first derivative of 2 + 4*o - 1/2*o**q. Determine h(4).
0
Let p(o) = 3*o**2 - 20*o - 3. Let a be p(7). Let x(u) be the second derivative of -u**3 + 2*u**2 + 1/12*u**a + 0 + u. Calculate x(4).
-4
Let m(x) be the second derivative of x**4/12 + 5*x**3/6 - 5*x**2/2 + 2*x. Let s be -2*(0 + (-3)/(-2)). Let